d by 54?
52
Let h(x) = 30*x - 156. Let s be (2/4)/((-14)/(-168)). Suppose -5*m - 3*y + 237 = 0, -2*m + 3*y + 2 = -76. What is the remainder when m is divided by h(s)?
21
Let t = 756 - 2360. Suppose 2*g - g = 4*a - 139, -5*g = -3*a + 117. Calculate the remainder when 8/6 + t/(-12) is divided by a.
33
Let b(z) be the second derivative of 2*z**3 + z**2 - z. Let o(a) = 6*a**2 - a - 5. What is the remainder when o(-2) is divided by b(1)?
7
Suppose 0 = -s - 4 + 1, -3*g - 3*s = -504. Suppose 269 = 11*r - g. Calculate the remainder when 74 is divided by r.
34
Calculate the remainder when 1134 is divided by (45/3)/(1 + (-159)/168).
14
Suppose -180*d - 11961 = -71001. What is the remainder when 328 is divided by d?
0
Let m(f) = 32*f - 437. Let d be m(14). Let t(y) = y**3 + 4*y**2 - 3*y + 2. Let g be t(-5). Let j = g + d. Calculate the remainder when 19 is divided by j.
1
Suppose 21*c - 17*c = 40. Let r(q) = q**3 + 44*q**2 - 46*q - 7. Calculate the remainder when r(-45) is divided by c.
8
Let o(a) = -2*a + 17. Let q be o(-8). Suppose -q + 63 = 5*w. Calculate the remainder when 31 is divided by (-16)/w*(-243)/36.
13
Let s(g) = 9*g**3 - 2*g - 13. Calculate the remainder when s(3) is divided by 75.
74
Let w = -34 - -52. Let s be ((-93)/w)/(5/(-30)). Suppose 103 = 4*i - 5*u, 3*i = 5*u + 45 + s. Calculate the remainder when i is divided by 7.
6
Let t(r) = -r - 16. Let a be t(-18). Suppose 4*i = a*c + 38, -i - 4*c + 8 = 3*i. Calculate the remainder when 25 is divided by i.
4
Let h = 16041 + -15272. Calculate the remainder when h is divided by 141.
64
Let y be 4/(-10) + 17/5. Let z be 22891/231 + 2/(-21). Suppose d = -y*o + 82, d = -5*o - 17 + z. What is the remainder when d is divided by 14?
12
Let k = -6492 + 8112. What is the remainder when k is divided by 13?
8
Let x(h) = -h**3 + 14*h**2 - 14*h + 14. Let w = 57 - 44. Calculate the remainder when (1 - (2 + -2)) + 0 is divided by x(w).
0
Suppose -63 + 15 = -3*y. Let o = -4548 + 4579. What is the remainder when o is divided by y?
15
Calculate the remainder when 1709 is divided by (-3)/15*1 + (-1820)/(-100).
17
Let n(g) = 20 + 24 + 0*g + g - 46. Let f be n(6). Suppose f*a - 45 = 11. Calculate the remainder when 335 is divided by a.
13
Suppose i - 4*y - 4 = -16, 12 = -5*i - 4*y. Let r = i + 9. Calculate the remainder when 97/5 - (-584)/(-1460) is divided by r.
4
Let p = -2319 + 3392. Suppose 11*i - p = -358. What is the remainder when 237 is divided by i?
42
Let g = 639 + -505. Let k = g - 25. What is the remainder when k is divided by 7?
4
Let f = 197 - 196. What is the remainder when 491 is divided by f/1 + 1 - -24?
23
Let d(a) = a**3 + a**2 - 7*a + 10. Suppose 0 = -3*u + 79 + 83. Calculate the remainder when u is divided by d(2).
6
Let z = 701 - 633. Calculate the remainder when 1562 is divided by z.
66
Let p be 3/(-9)*(-6 - 0). Suppose 4 = p*c - 2*o, o = -8*c + 6*c + 7. What is the remainder when 57 is divided by c?
0
Let b(x) = -16*x - 99. Let k be b(-6). Calculate the remainder when 179 is divided by (-140)/(-6) + 1/k.
18
Suppose -4*x + 2905 = 3*u, 914 = 5*u + 3*x - 3913. What is the remainder when u is divided by 22?
17
Let m(r) = -r. Let h(k) = 29*k + 1. Let o(v) = -h(v) + 2*m(v). Suppose 84*y - 52*y = -27*y + 1534. Calculate the remainder when o(-5) is divided by y.
24
Let o(f) = -7*f**2 - 170*f - 24. Let x be o(-24). Suppose -x*u + 30*u = 54. What is the remainder when 88 is divided by u?
7
Let s(f) = f**3 + 13*f**2 - 40*f - 328. Calculate the remainder when 5289 is divided by s(-14).
33
Suppose -536558*v + 536547*v + 176 = 0. Let n(d) = 11*d + 9. Let a be n(-6). Calculate the remainder when (a + 0)/(0 - 1) is divided by v.
9
Suppose -18*w + 781 + 407 = 0. What is the remainder when ((-131)/(-2))/(4/16) is divided by w?
64
Let h(s) = 24*s + 137. Let a(b) = 27*b + 137. Let q(g) = -4*a(g) + 5*h(g). What is the remainder when 285 is divided by q(-10)?
13
Suppose -309 = -3*s + t, -4*t = 2*s - t - 206. Let u = -10 - -37. Calculate the remainder when s is divided by u.
22
Let u(v) = 28*v + 72. Let k be u(-16). Let c = -350 - k. Calculate the remainder when 100 is divided by c.
22
Let u(g) = -27*g**2 + 2378*g + 121. Let b = 84 + -24. What is the remainder when u(88) is divided by b?
57
Suppose 62*z - 8 = 58*z. Suppose 2 = -z*p, 22*p - 17*p + 161 = 4*r. Calculate the remainder when 229 is divided by r.
34
Let j(n) = 7*n - 209. Let p(x) = 5*x - 104. Let a(k) = -3*j(k) + 5*p(k). Calculate the remainder when a(9) is divided by 51.
41
Suppose 3*v - 314*j = -317*j + 156, 0 = -3*v + 3*j + 168. Calculate the remainder when 252 is divided by v.
36
Suppose -39*p - 21021 = -46*p. Calculate the remainder when (-21)/(p/(-22)) - 2247/(-13) is divided by 6.
5
Let a(v) = v**3 - 26*v**2 - 22*v - 46. Let o(b) = -12*b - 105. Let w be o(-11). Calculate the remainder when a(w) is divided by 25.
14
Let q(x) = -x**2 - 69. Let n be q(0). Let s(h) = -h**2 + 19*h + 95. Let y be s(-8). Let u = n - y. Calculate the remainder when u is divided by 14.
10
Let x(r) = -r**2 - 30*r + 67. Let l be x(-32). What is the remainder when 100 is divided by l/(-5) + ((-5616)/(-40))/9?
10
Let t be 24*6/54*-219. Suppose -7 - 9 = -2*d. Calculate the remainder when t/(-20) + (-2)/10 is divided by d.
5
Suppose 5235 + 16270 = 115*d. Calculate the remainder when d is divided by 32.
27
Let g be (-2)/(-5) + (-172)/(-20). Suppose 0 = -3*t - g, -2*t + 267 = -k + 2*k. Suppose k = 6*s - 69. What is the remainder when s is divided by 15?
12
Let n(s) = -147*s - 5. Let w(p) = -p**3 + 15*p**2 - 16*p + 27. Let x be w(14). What is the remainder when n(x) is divided by 29?
26
Suppose 14*l - 45 = 5*l. Suppose l*c + 136 - 677 = -3*n, 3*n = -4*c + 539. Suppose 11*d = n + 362. What is the remainder when d is divided by 25?
24
Let h = -127049 + 127257. Let m = -35 + 77. Calculate the remainder when h is divided by m.
40
Calculate the remainder when 1392 is divided by 26/((105/15)/14).
40
Calculate the remainder when 3235 is divided by (-888)/(-40) + -11 + (-767)/(-65).
15
Calculate the remainder when 459 is divided by 84*11/44 + 243.
195
Let f be -3 - 5/((-10)/64). Suppose -v + 3*k = -f, 5*v + 3*k - 57 - 16 = 0. Let z(d) = 14*d + 835. What is the remainder when z(-55) is divided by v?
14
Let f be (-14 - -5 - -1)/(-2 + 0). What is the remainder when 159 is divided by 8/(f + 0)*8?
15
Suppose -1412 = -2*r + 2*k, -5*k = -2*r - 794 + 2191. What is the remainder when r is divided by 31?
29
Let h = 10896 - 8206. Calculate the remainder when 5386 is divided by h.
6
Let x be (-7 + 19)/(2/35). Let u = x - 205. Calculate the remainder when 67 is divided by u.
2
Suppose 3*j = 183*z - 178*z + 77, 4*z + 21 = j. Let g = -305 + 536. Calculate the remainder when g is divided by j.
28
Let k = -102 + 180. Let i = k - 75. Suppose -29 = -5*m + i*z, -5 = -3*m + 2*m + z. Calculate the remainder when m is divided by 6.
1
Let m be (-4)/18 - 140/(-63). Let k(a) = a**3 + 6*a**2 + 2*a - 6. What is the remainder when (490/21)/(m/3) is divided by k(-5)?
8
What is the remainder when 9 + (-1 - 21) - -450 is divided by 235?
202
Let d(a) = -a**2 + 34*a - 149. Calculate the remainder when 118 is divided by d(6).
4
Suppose 43*j - 44868 - 27420 = -53*j. Calculate the remainder when j is divided by 157.
125
Suppose 0 = -581*i + 33353 - 11856. Calculate the remainder when 11653 is divided by i.
35
Suppose 8433 = 13*k + 6*k - 250. What is the remainder when k is divided by 46?
43
What is the remainder when -1 + 1 + -1 + 2 is divided by -3*(-170)/(-30) + 18?
0
Suppose -w + 2*w - 501 = 0. Suppose 3*l - 4*l + 5*u = -81, 5*l = u + w. Calculate the remainder when l is divided by (-34)/6*5*((-624)/(-65))/(-16).
16
Suppose 0 = v - 5, 3*v - 37 = -4*w + 2*v. Suppose w*c + 20 = 13*c. What is the remainder when 2/c*-2 + 79 + -4 is divided by 15?
14
Suppose 2*a + 2 = -3*g + g, 3*g + 5*a + 11 = 0. Let v(y) = -35*y + 21. Let s be v(g). What is the remainder when 27 is divided by 6*(-4)/s - 52/(-14)?
3
Suppose 4*p = -7*y + 6402, -67*y = -62*y + 10. Calculate the remainder when p is divided by 73.
71
Suppose 0 = 3*o + 4*w - 11 - 61, w = 0. Let g = 260 + 4. Suppose 5*m - 210 = 2*l + g, 5*l - 366 = -4*m. Calculate the remainder when m is divided by o.
22
Suppose -46 = -x + 23. Let p = -47 - x. Calculate the remainder when (-3)/